?
9
What is the units digit of 1101?
1
What is the tens digit of 2584?
8
What is the hundreds digit of 3817?
8
What is the hundreds digit of 17261?
2
What is the tens digit of 896?
9
What is the hundreds digit of 1862?
8
What is the thousands digit of 107925?
7
What is the hundreds digit of 18740?
7
What is the hundreds digit of 4709?
7
What is the hundreds digit of 23589?
5
What is the tens digit of 1056?
5
What is the thousands digit of 1029?
1
What is the hundreds digit of 883?
8
What is the thousands digit of 2702?
2
What is the ten thousands digit of 57073?
5
What is the units digit of 114483?
3
What is the units digit of 14720?
0
What is the tens digit of 1008?
0
What is the tens digit of 10033?
3
What is the hundreds digit of 244?
2
What is the units digit of 2154?
4
What is the thousands digit of 26082?
6
What is the units digit of 13859?
9
What is the thousands digit of 99621?
9
What is the hundreds digit of 435?
4
What is the tens digit of 6051?
5
What is the tens digit of 488?
8
What is the hundreds digit of 77966?
9
What is the hundreds digit of 7533?
5
What is the hundreds digit of 888?
8
What is the tens digit of 3895?
9
What is the thousands digit of 3751?
3
What is the tens digit of 7296?
9
What is the units digit of 3594?
4
What is the hundreds digit of 335?
3
What is the thousands digit of 9499?
9
What is the hundreds digit of 1270?
2
What is the tens digit of 1336?
3
What is the hundreds digit of 7992?
9
What is the units digit of 897?
7
What is the ten thousands digit of 155913?
5
What is the tens digit of 99?
9
What is the thousands digit of 11385?
1
What is the thousands digit of 1587?
1
What is the hundreds digit of 1395?
3
What is the tens digit of 4566?
6
What is the units digit of 589?
9
What is the thousands digit of 95181?
5
What is the tens digit of 1072?
7
What is the units digit of 3214?
4
What is the tens digit of 2900?
0
What is the thousands digit of 2291?
2
What is the thousands digit of 32398?
2
What is the units digit of 4505?
5
What is the hundreds digit of 18924?
9
What is the tens digit of 96502?
0
What is the hundreds digit of 16295?
2
What is the units digit of 23685?
5
What is the units digit of 71218?
8
What is the ten thousands digit of 19208?
1
What is the hundreds digit of 381?
3
What is the tens digit of 10287?
8
What is the hundreds digit of 25667?
6
What is the thousands digit of 2887?
2
What is the thousands digit of 61510?
1
What is the hundreds digit of 6157?
1
What is the hundreds digit of 27329?
3
What is the units digit of 11095?
5
What is the tens digit of 448?
4
What is the units digit of 16470?
0
What is the tens digit of 31962?
6
What is the hundreds digit of 9845?
8
What is the ten thousands digit of 25005?
2
What is the tens digit of 208?
0
What is the tens digit of 2172?
7
What is the units digit of 1992?
2
What is the hundreds digit of 8929?
9
What is the units digit of 1048?
8
What is the units digit of 8637?
7
What is the units digit of 1292?
2
What is the tens digit of 2393?
9
What is the thousands digit of 25613?
5
What is the hundreds digit of 931?
9
What is the thousands digit of 2600?
2
What is the units digit of 4531?
1
What is the hundreds digit of 22990?
9
What is the units digit of 114?
4
What is the tens digit of 14300?
0
What is the units digit of 6984?
4
What is the thousands digit of 4288?
4
What is the units digit of 1478?
8
What is the units digit of 686?
6
What is the thousands digit of 52128?
2
What is the units digit of 1428?
8
What is the hundreds digit of 1161?
1
What is the hundreds digit of 49141?
1
What is the thousands digit of 2134?
2
What is the tens digit of 6604?
0
What is the units digit of 211?
1
What is the tens digit of 28220?
2
What is the tens digit of 52948?
4
What is the units digit of 23793?
3
What is the ten thousands digit of 31894?
3
What is the units digit of 4033?
3
What is the thousands digit of 27164?
7
What is the ten thousands digit of 61195?
6
What is the tens digit of 944?
4
What is the tens digit of 2123?
2
What is the tens digit of 3152?
5
What is the units digit of 1250?
0
What is the tens digit of 8454?
5
What is the ten thousands digit of 23088?
2
What is the units digit of 3789?
9
What is the hundreds digit of 29998?
9
What is the hundreds digit of 68703?
7
What is the hundreds digit of 69693?
6
What is the ten thousands digit of 27970?
2
What is the ten thousands digit of 48678?
4
What is the tens digit of 15790?
9
What is the tens digit of 25043?
4
What is the tens digit of 2069?
6
What is the tens digit of 2271?
7
What is the thousands digit of 1243?
1
What is the thousands digit of 13110?
3
What is the hundreds digit of 24807?
8
What is the thousands digit of 107912?
7
What is the units digit of 13286?
6
What is the thousands digit of 164528?
4
What is the units digit of 25909?
9
What is the units digit of 6371?
1
What is the ten thousands digit of 13621?
1
What is the thousands digit of 24675?
4
What is the units digit of 105?
5
What is the hundreds digit of 12704?
7
What is the tens digit of 374?
7
What is the tens digit of 12592?
9
What is the units digit of 17743?
3
What is the tens digit of 1502?
0
What is the hundreds digit of 3512?
5
What is the units digit of 767?
7
What is the hundreds digit of 2463?
4
What is the tens digit of 5306?
0
What is the ten thousands digit of 45392?
4
What is the tens digit of 879?
7
What is the hundreds digit of 4972?
9
What is the tens digit of 23555?
5
What is the hundreds digit of 6377?
3
What is the ten thousands digit of 13611?
1
What is the hundreds digit of 166886?
8
What is the hundreds digit of 24444?
4
What is the units digit of 70466?
6
What is the tens digit of 3575?
7
What is the units digit of 79329?
9
What is the thousands digit of 11881?
1
What is the tens digit of 2340?
4
What is the units digit of 47989?
9
What is the thousands digit of 2218?
2
What is the hundreds digit of 46881?
8
What is the thousands digit of 5129?
5
What is the tens digit of 1062?
6
What is the ten thousands digit of 20304?
2
What is the hundreds digit of 160205?
2
What is the tens digit of 2450?
5
What is the hundreds digit of 4391?
3
What is the units digit of 983?
3
What is the hundreds digit of 4222?
2
What is the ten thousands digit of 45093?
4
What is the hundreds digit of 465?
4
What is the thousands digit of 1003?
1
What is the tens digit of 62426?
2
What is the units digit of 8239?
9
What is the units digit of 23373?
3
What is the units digit of 747?
7
What is the thousands digit of 1211?
1
What is the units digit of 2370?
0
What is the thousands digit of 1056?
1
What is the hundreds digit of 119?
1
What is the units digit of 2173?
3
What is the units digit of 915?
5
What is the hundreds digit of 2003?
0
What is the units digit of 69063?
3
What is the hundreds digit of 46707?
7
What is the units digit of 3360?
0
What is the hundred thousands digit of 124805?
1
What is the hundreds digit of 294?
2
What is the hundreds digit of 1208?
2
What is the hundreds digit of 515?
5
What is the hundreds digit of 24422?
4
What is the ten thousands digit of 14967?
1
What is the units digit of 1636?
6
What is the hundreds digit of 84959?
9
What is the units digit of 1174?
4
What is the units digit of 27?
7
What is the ten thousands digit of 39737?
3
What is the hundreds digit of 32026?
0
What is the units digit of 541?
1
What is the units digit of 16542?
2
What is the hundreds digit of 2589?
5
What is the tens digit of 12?
1
What is the thousands digit of 12857?
2
What is the units digit of 311?
1
What is the hundreds digit of 851?
8
What is the hundreds digit of 10913?
9
What is the thousands digit of 2423?
2
What is the hundreds digit of 25578?
5
What is the tens digit of 1399?
9
What is the hundreds digit of 896?
8
What is the units digit of 1960?
0
What is the units digit of 14680?
0
What is the hundreds digit of 25210?
2
What is the units digit of 88439?
9
What is the thousands digit of 3818?
3
What is the hundreds digit of 2685?
6
What is the hundreds digit of 2535?
5
What is the tens digit of 22651?
5
What is the hundreds digit of 19563?
5
What is the ten thousands digit of 10408?
1
What is the tens digit of 101557?
5
What is the units digit of 903?
3
What is the hundreds digit of 3331?
3
W